{"id":16,"date":"2021-11-29T22:23:35","date_gmt":"2021-11-29T21:23:35","guid":{"rendered":"http:\/\/www.axelfhu.com.pl\/?page_id=16"},"modified":"2023-04-02T19:17:09","modified_gmt":"2023-04-02T18:17:09","slug":"cennik","status":"publish","type":"page","link":"https:\/\/www.axelfhu.com.pl\/index.php\/cennik\/","title":{"rendered":"Cennik"},"content":{"rendered":"\n<ul><li><strong>PROgramy<\/strong><strong>&nbsp;&#8222;AXEL&#8221;<\/strong><\/li><\/ul>\n\n\n\n<figure class=\"wp-block-table\"><table><tbody><tr><td><strong>Programy<\/strong><\/td><td><strong>Cena&nbsp;<\/strong><a href=\"https:\/\/www.axelfhu.com.pl\/html\/cennik.html#obj\">[*III]<\/a><\/td><\/tr><tr><td><strong>PROgram &#8222;AXEL&#8221;&nbsp;<em>Fakturuj Na dobry poczatek<\/em><\/strong><br>Modu\u0142y:<br>Sprzeda\u017c (faktury,korekty,paragony)&nbsp;Zestawienia, Analizy&nbsp;Kalkulacje, Warto\u015bci od\u017cywcze Uwagi:-program ma ograniczona ilo\u015b\u0107 Magazyn\u00f3w(1) ,Stanowisk pracy(1)-program nie wymaga rejestracji-mo\u017cliwa odmowa udzielenia konsultacji telefonicznych w zakresie szkolenia z pracy programu.<\/td><td>&nbsp;0,00 z\u0142<\/td><\/tr><tr><td><strong>PROgram &#8222;AXEL&#8221;&nbsp;<em>Na dobry pocz\u0105tek<\/em><\/strong><br><br>PE\u0141NY SYSTEM !!!<br>Modu\u0142y:<br>Sprzeda\u017c(zam\u00f3wienia generatory faktur i korekt), Finanse (kasy, banki, nale\u017cno\u015bci, zobowi\u0105zania, kompensaty, lokaty, zaliczki, rozliczenia z kierowcami), Sklepy W\u0142asne, Rejestry VAT, Zakupy, Magazyny, Produkcja, Kalkulacja, Panele wydawki i produkcji, HACCP, KPiR, Ksi\u0119ga handlowa, Kadry i P\u0142ace&nbsp;Zestawienia, Analizy&nbsp;Uwagi:-program ma ograniczona ilo\u015b\u0107 odbiorc\u00f3w(9), Pracownik\u00f3w(9)-program nie wymaga rejestracji-mo\u017cliwa odmowa udzielenia konsultacji telefonicznych w zakresie szkolenia z pracy programu.<\/td><td>PE\u0141NY SYSTEM&nbsp;0,00 z\u0142<\/td><\/tr><tr><td><strong>PROgram &#8222;AXEL&#8221;&nbsp;<\/strong><strong>prosty Handel<\/strong><br><br>Modu\u0142y:<br>Sprzeda\u017c, Zakupy, Finanse, Magazyn(w ograniczonej wersji &#8211; bez generator\u00f3w dokument\u00f3w, zam\u00f3wie\u0144, HACCP, sklep\u00f3w w\u0142asnych)&nbsp;Zestawienia, Analizy<strong>&nbsp;<\/strong><strong>Uwagi:<\/strong>-wersja jednostanowiskowa z mo\u017cliwo\u015bci\u0105 migracji do wersji standard za dop\u0142ata proporcjonaln\u0105.-mo\u017cliwy jest zakup KPiR i Kadry i P\u0142ace-mo\u017cliwa odmowa udzielenia konsultacji telefonicznych w zakresie szkolenia z pracy programu.<\/td><td>\u00a0480,00 z\u0142\u00a0<\/td><\/tr><tr><td><strong>Program &#8222;AXEL&#8221;&nbsp;<\/strong><strong>Handel z Finanse<\/strong><br><br>Modu\u0142y:<br>Sprzeda\u017c(zam\u00f3wienia generatory faktur i korekt), Finanse (kasy, banki, nale\u017cno\u015bci, zobowi\u0105zania, kompensaty, lokaty, zaliczki, rozliczenia z kierowcami), Sklepy W\u0142asne, Rejestry VAT, Zakupy&nbsp;Zestawienia, Analizy&nbsp;<\/td><td>\u00a02 000,00 z\u0142\/st.-malej\u0105co<br><br><br>SPRAWD\u0179 RABATY !\u00a0<\/td><\/tr><tr><td><strong>PROgram &#8222;AXEL&#8221;&nbsp;<\/strong><strong>Produkcja<\/strong><br><br>Modu\u0142y:<br>Zakupy, Magazyny, Produkcja, Kalkulacja, Panele wydawki i produkcji, HACCP&nbsp;Zestawienia, Analizy&nbsp;<\/td><td>2 530,00 z\u0142\/st.-malejaco<br><br><br>SPRAWD\u0179 RABATY !<\/td><\/tr><tr><td><strong>PROgram &#8222;AXEL&#8221;&nbsp;<\/strong><strong>Handlowo-Produkcyjny<\/strong><br><br>Modu\u0142y:<br>Sprzeda\u017c(zam\u00f3wienia generatory faktur i korekt), Finanse (kasy, banki, nale\u017cno\u015bci, zobowi\u0105zania, kompensaty, lokaty, zaliczki, rozliczenia z kierowcami), Sklepy W\u0142asne, Rejestry VAT, Zakupy, Magazyny, Produkcja, Kalkulacja, Panel wa\u017cenia towaru , Panel ekspedytora, panel produkcyjny, HACCP&nbsp;Zestawienia, Analizy&nbsp;<\/td><td>\u00a03 300,00 z\u0142\/st.-malej\u0105co<br><br><br>SPRAWD\u0179 RABATY !\u00a0<\/td><\/tr><tr><td><strong>PROgram &#8222;AXEL\u201d&nbsp;<\/strong><strong>KPiR<\/strong>&nbsp;<strong>z Finanse<\/strong><br>Modu\u0142y:<br>Ksi\u0119ga Przychod\u00f3w Przychod\u00f3w Rozchod\u00f3w , \u015brodki Trwa\u0142e, Wyposa\u017cenie, Ewidencja pojazd\u00f3w, Deklaracje Podatkowe, Rejestry VAT, Automatyczne bufory&nbsp;Zestawienia, Analizy&nbsp;<\/td><td><strong>\u00a01 860,00 z\u0142\u00a0<\/strong>st.-malej\u0105co\u00a0SPRAWD\u0179 RABATY !<strong>\u00a0<\/strong><\/td><\/tr><tr><td><strong>PROgram &#8222;AXEL\u201d&nbsp;<\/strong><strong>KH z Finanse<\/strong><br><br>Modu\u0142y:<br>Ksi\u0119ga, \u015brodki Trwa\u0142e, Wyposa\u017cenie, Deklaracje Podatkowe, Rejestry VAT, Dzienniki pomocnicze, Rozrachunki, Deklaracje&nbsp;, Finanse&nbsp;<\/td><td><strong>\u00a02 690,00 z\u0142\u00a0<\/strong>st.-malej\u0105co\u00a0SPRAWD\u0179 RABATY !\u00a0<\/td><\/tr><tr><td><strong>Program \u201dAXEL\u201d&nbsp;<\/strong><strong>Kadry i P\u0142ace<\/strong><strong><\/strong><br>Modu\u0142y:<br>Kartoteka Pracownik\u00f3w, Ewidencja um\u00f3w osobowych i bezosobowych, Zasi\u0142ki i \u015bwiadczenia ZUS, Urlopy, P\u0142atnik ZUS, Deklaracje Podatkowe ,Listy P\u0142ac, Kartoteka zarobkowa, Ewidencja Nieobecno\u015bci, Ewidencja Obecno\u015bci, BHP, Badania Lekarskie, Szkolenia&nbsp;Zestawienia, Analizy&nbsp;<\/td><td>2 830,00 z\u0142\/st.-malej\u0105co<br><br>SPRAWD\u0179 RABATY !<\/td><\/tr><tr><td><strong>PROgram &#8222;AXEL&#8221;&nbsp;<\/strong><strong>POS ( DLA SKLEP\u00d3W )<\/strong><strong><\/strong><br>Modu\u0142y:<br>Sprzeda\u017c ,Zakupy ,Magazyny \u2013 obs\u0142uga dokument\u00f3w wyst\u0119puj\u0105cych w sklepie (<strong>Interface \u0142\u0105cz\u0105cy z kas\u0105 fiskalna lub Interface \u0142\u0105cz\u0105cy z drukark\u0105 fiskaln\u0105, wag\u0105 , czytnikiem kod\u00f3w kreskowych, msr, szuflada, ekran reklamowy zakupionymi w firmie AXEL)<\/strong>, Wsp\u00f3\u0142praca z kasami fiskalnymi&nbsp;Zestawienia, Analizy&nbsp;WYMIANA Z CENTRAL\u0104&nbsp;<\/td><td>\u00a0\u00a01 780,00 z\u0142<br><br>Ka\u017cde kolejne stanowisko 5% taniej ni\u017c poprzednie<br><br>\u00a0<\/td><\/tr><\/tbody><\/table><\/figure>\n\n\n\n<ul><li><strong>Rabaty i Promocje<\/strong><\/li><\/ul>\n\n\n\n<figure class=\"wp-block-table\"><table><tbody><tr><td><strong>&nbsp;<\/strong><strong>Ograniczenie Ilo\u015bci obs\u0142ugiwanych odbiorc\u00f3w jednocze\u015bnie w modu\u0142ach:<\/strong><strong>&nbsp;<\/strong><strong>-Handlowy<\/strong><strong>-KPiR<\/strong><strong>-KH<\/strong><strong>&nbsp;<\/strong><strong>&nbsp;<\/strong><\/td><td><strong>do 9 \u2013 100%<\/strong><a href=\"https:\/\/www.axelfhu.com.pl\/html\/cennik.html#obj\">[*VIII]<\/a><strong><\/strong><strong>&nbsp;<\/strong><strong>do 10 \u2013 90%<\/strong><strong>do 20 \u2013 80%<\/strong><strong>do 30 \u2013 70%<\/strong><strong>do 40 \u2013 60 %<\/strong><strong>do 50 \u2013 50 %<\/strong><strong>do 60 \u2013 40 %<\/strong><strong>do 70 \u2013 30 %<\/strong><strong>do 80 \u2013 20%<\/strong><strong>do 90 \u2013 10 %<\/strong><strong>&nbsp;<\/strong><\/td><\/tr><tr><td><strong>Ograniczenie Ilo\u015bci obs\u0142ugiwanych pracownik\u00f3w w modu\u0142ach:<\/strong><strong>&nbsp;<\/strong><strong>&#8211; Kadry \u2013 P\u0142ace<\/strong><\/td><td><strong>do 9&nbsp;&nbsp;\u2013 100%<\/strong><a href=\"https:\/\/www.axelfhu.com.pl\/html\/cennik.html#obj\">[*VIII]<\/a><strong>&nbsp;<\/strong><strong>do 10&nbsp;&nbsp;\u2013 90%<\/strong><strong>do 20&nbsp;&nbsp;\u2013 80%<\/strong><strong>do 30&nbsp;&nbsp;\u2013 70%<\/strong><strong>do 40&nbsp;&nbsp;\u2013 60%<\/strong><strong>do 50&nbsp;&nbsp;\u2013 50%<\/strong><strong>&nbsp;do 60&nbsp;&nbsp;\u2013 40%<\/strong><strong>do 70&nbsp;&nbsp;\u2013 30 %<\/strong><strong>do 80&nbsp;&nbsp;\u2013 20 %<\/strong><strong>do 90 \u2013 10 %<\/strong><strong>&nbsp;<\/strong><\/td><\/tr><tr><td><strong>&nbsp;<\/strong><strong>Zakup za got\u00f3wk\u0119 lub przelew ca\u0142ego Programu (HP+KP+ KPIR lub HP+KP+KH)<\/strong><strong>&nbsp;<\/strong><\/td><td><strong>5 %<\/strong><\/td><\/tr><tr><td><strong>&nbsp;<\/strong><strong>Przy zakupie poni\u017cej kwoty 1 500,00 Z\u0141 stosuje si\u0119 wysy\u0142k\u0119 poczt\u0105.<\/strong><strong>&nbsp;<\/strong><\/td><td><strong>&nbsp;<\/strong><\/td><\/tr><\/tbody><\/table><\/figure>\n\n\n\n<ul><li><strong>Opcje dodatkowe<\/strong><\/li><\/ul>\n\n\n\n<figure class=\"wp-block-table\"><table><tbody><tr><td><strong>Modu\u0142<\/strong><strong>y<\/strong><strong>&nbsp;wymiany danych z<\/strong>&#8211;<strong>&nbsp;ECOD<\/strong><strong>&#8211;<\/strong><strong>&nbsp;bazami axel &#8211; zakupy lub zam\u00f3wienia, lub inne dokumenty<\/strong><strong><\/strong><strong>&#8211;<\/strong><strong>&nbsp;z oddzia\u0142ami (oddzia\u0142y + centrala)<\/strong><strong><\/strong><strong>&#8211;<\/strong><strong>&nbsp;HOMECASH\/MULTICASH,&nbsp;VideoTEL, BPH i innych<\/strong><strong><\/strong><strong>&#8211;<\/strong><strong>&nbsp;z sklepem internetowym<\/strong><strong><\/strong><strong>&#8211;<\/strong><strong>&nbsp;z POS<\/strong><strong><\/strong><\/td><td><strong>920,00 z\u0142<\/strong>\/baz\u0119<\/td><\/tr><tr><td><strong>Eksport przelew\u00f3w do system\u00f3w HOMECASH\/MULTICASH, VideoTEL, BPH i innych<\/strong><\/td><td><strong> <strong> <strong>92<\/strong> 0<\/strong> ,00\u00a0z\u0142<\/strong>\/bank<\/td><\/tr><tr><td><strong>Serwery wymiany danych (pracuj\u0105ce niezale\u017cnie)<\/strong><\/td><td><strong>Zast\u0119puj\u0105 jedno z stanowisk pracy<\/strong><\/td><\/tr><tr><td><strong>Modu\u0142 \u0142\u0105cz\u0105cy wsp\u00f3\u0142pracy z<\/strong>&#8211;&nbsp;&nbsp;<strong>czytnikiem kod\u00f3w kreskowych<\/strong><strong>&#8211;&nbsp;etykieciark\u0105<\/strong><strong>&#8211; wag\u0105<\/strong><strong>&#8211; msr<\/strong>&#8211;&nbsp;<strong>szuflad\u0105 nie pod\u0142\u0105czon\u0105 do drukarki<\/strong>&#8211;&nbsp;<strong>kolektorem<\/strong>&#8211;&nbsp;<strong>set&#8217;em<\/strong>&#8211;&nbsp;<strong>pamtopem<\/strong><strong>&#8211;&nbsp;<\/strong><strong>kas\u0105 fiskaln\u0105<\/strong><strong>&#8211;&nbsp;<\/strong><strong>drukark\u0105 fiskaln\u0105<\/strong><strong>&#8211;&nbsp;<\/strong><strong>set&#8217;em<\/strong><\/td><td><strong><strong> <strong>92<\/strong> 0<\/strong> ,00 z\u0142<\/strong>\/rodzaj urz\u0105dzenia<\/td><\/tr><tr><td><strong>Modu\u0142 exportu do innego programu ksi\u0119gowego<\/strong><\/td><td><strong>3 160,00 z\u0142<\/strong>\/program<\/td><\/tr><tr><td><strong>Inne urz\u0105dzenia, interface, modu\u0142y wymiany, exporty, importy danych<\/strong><\/td><td><strong>Cena zale\u017cna od rodzaju urz\u0105dzenia<\/strong>, zazwyczaj jest to 920 z\u0142\/ za jeden rodzaj<\/td><\/tr><\/tbody><\/table><\/figure>\n\n\n\n<ul><li><strong>Inne<\/strong><\/li><\/ul>\n\n\n\n<figure class=\"wp-block-table\"><table><tbody><tr><td><strong>Instrukcja obs\u0142ugi w formie elektronicznej<\/strong><\/td><td><strong>0,00 z\u0142<\/strong><\/td><\/tr><tr><td><strong>Drukowana instrukcja obs\u0142ugi<\/strong><\/td><td><strong>300,00 z\u0142\/Modu\u0142<\/strong><\/td><\/tr><tr><td><\/td><td><\/td><\/tr><\/tbody><\/table><\/figure>\n\n\n\n<ul><li><strong>Bazy Danych<\/strong><\/li><\/ul>\n\n\n\n<figure class=\"wp-block-table\"><table><tbody><tr><td><strong>MS SQL Serwer<\/strong><\/td><td><strong>Cena uzale\u017cniona od ilo\u015bci stanowisk i aktualnych cen producenta<\/strong><\/td><\/tr><tr><td><strong>MS Express Edition <\/strong><\/td><td><strong>0,00 z\u0142<\/strong><\/td><\/tr><\/tbody><\/table><\/figure>\n\n\n\n<ul><li><strong>Us\u0142ugi podstawowe<\/strong><\/li><\/ul>\n\n\n\n<figure class=\"wp-block-table\"><table><tbody><tr><td><strong>Us\u0142uga<\/strong><\/td><td><strong>Cena<\/strong><\/td><td><strong>Uwagi<\/strong><\/td><\/tr><tr><td>Demonstracja oprogramowania(Jedno spotkanie)<\/td><td>0,00 z\u0142+ op\u0142ata delegacyjna<\/td><td>&nbsp;<\/td><\/tr><tr><td>Instalacja, Wst\u0119pny instrukta\u017c \u2013 dwa spotkania( je\u015bli w cenie nie ma spotka\u0144 )<\/td><td>920 z\u0142+ op\u0142aty\u00a0\u00a0delegacyjne<\/td><td>Zakres:1. Instalacja oprogramowania2. Instrukta\u017c os\u00f3b maj\u0105cych obs\u0142ugiwa\u0107 program.<\/td><\/tr><tr><td>Wdro\u017cenie oprogramowania<\/td><td>Rozliczenie nast\u0119puje zgodnie z czasem przepracowanym.<br><\/td><td>Nie jest konieczne wykupywanie wdro\u017cenia<\/td><\/tr><tr><td>Ka\u017cda rozpocz\u0119ta godzina pracy serwisanta, oraz obs\u0142uga techniczna serwer\u00f3w<\/td><td>250,00 z\u0142<\/td><td>u\u017cytkownicy z podpisan\u0105 umow\u0105 serwisow\u0105 lub aktualizacyjna otrzymuj\u0105&nbsp;&nbsp;znaczne rabaty.<\/td><\/tr><tr><td>Ka\u017cda rozpocz\u0119ta godzina pracy obs\u0142ugi technicznej sprz\u0119tu<\/td><td>140,00 z\u0142<\/td><td>&nbsp;u\u017cytkownicy z podpisan\u0105 umow\u0105 serwisow\u0105 lub aktualizacyjna otrzymuj\u0105&nbsp;&nbsp;znaczne rabaty.<\/td><\/tr><tr><td>Ka\u017cda rozpocz\u0119ta godzina pracy programisty, analityka, wdro\u017ceniowca<\/td><td>250,00 z\u0142<\/td><td>u\u017cytkownicy z podpisan\u0105 umow\u0105 serwisow\u0105 lub aktualizacyjna otrzymuj\u0105&nbsp;&nbsp;znaczne rabaty.<\/td><\/tr><tr><td>Ka\u017cda rozpocz\u0119ta godzina pracy programisty, wdro\u017ceniowca do 6 miesi\u0119cy od daty pierwszego zakupu oprogramowania<\/td><td>135,00 z\u0142<\/td><td>u\u017cytkownicy z podpisan\u0105 umow\u0105 serwisow\u0105 lub aktualizacyjna otrzymuj\u0105&nbsp;&nbsp;znaczne rabaty.<\/td><\/tr><tr><td>Dojazdy<\/td><td>Rozliczany zgodnie z zasadami dotycz\u0105cymi rozlicze\u0144 delegacyjnych (stawka za km dojazdu -1,10)<\/td><td>&nbsp;Cena dojazdu zale\u017cy od \u015brodka transportu.<\/td><\/tr><tr><td>Telefoniczna obs\u0142uga gwarancyjna<\/td><td>0,00 z\u0142<\/td><td>&nbsp;Telefony stacjonarne i kom\u00f3rkowe:<br>w godzinach 8.00-16.00<\/td><\/tr><tr><td>Konsultacje telefoniczne nocne \u2013 w wa\u017cnych sprawach<\/td><td>W ramach umowy&nbsp;umowy&nbsp;serwisowej<\/td><td>telefony kom\u00f3rkowe:<br>w godzinach 16.00-8.00<\/td><\/tr><tr><td>Konsultacje telefoniczne lub praca serwisowa w godzinach od 16-8 rano<\/td><td>+50 % stawki podstawowej<\/td><td>u\u017cytkownicy z podpisan\u0105 umow\u0105 serwisow\u0105 lub aktualizacyjna otrzymuj\u0105&nbsp;&nbsp;znaczne rabaty.<\/td><\/tr><\/tbody><\/table><\/figure>\n\n\n\n<figure class=\"wp-block-table\"><table><tbody><tr><td>Konsultacje telefoniczne lub praca serwisowa w soboty<\/td><td>+100 % stawki podstawowej<\/td><td>u\u017cytkownicy z podpisan\u0105 umow\u0105 serwisow\u0105 lub aktualizacyjna otrzymuj\u0105&nbsp;&nbsp;znaczne rabaty.<\/td><\/tr><\/tbody><\/table><\/figure>\n\n\n\n<figure class=\"wp-block-table\"><table><tbody><tr><td>Konsultacje telefoniczne lub praca serwisowa w Niedziele<\/td><td>+200 % stawki podstawowej<\/td><td>u\u017cytkownicy z podpisan\u0105 umow\u0105 serwisow\u0105 lub aktualizacyjna otrzymuj\u0105&nbsp;&nbsp;znaczne rabaty.<\/td><\/tr><tr><td>Konsultacje telefoniczne lub praca serwisowa w \u015awi\u0119ta uznane jako wolne od pracy<\/td><td>+200 % stawki podstawowej<\/td><td>u\u017cytkownicy z podpisan\u0105 umow\u0105 serwisow\u0105 lub aktualizacyjna otrzymuj\u0105&nbsp;&nbsp;znaczne rabaty.<\/td><\/tr><\/tbody><\/table><\/figure>\n\n\n\n<ul><li><strong>Uaktualnienia bezp\u0142atne \/ \u015bwiadczenia gwarancyjne<\/strong><br><br>Ka\u017cdy u\u017cytkownik, kt\u00f3ry zakupi\u0142 autorskie oprogramowanie od firmy AXEL lub posiada licencj\u0119 na u\u017cytkowanie takiego oprogramowania wydan\u0105 przez firm\u0119 AXEL ma prawo do bezp\u0142atnego pobierania uaktualnie\u0144 bezp\u0142atnych znajduj\u0105cych si\u0119 w internetowym serwisie prowadzonym przez firm\u0119 AXEL pod adresem:&nbsp;<strong>www.axelfhu.com.pl<\/strong><br><br>Oznacza to \u017ce ka\u017cdy u\u017cytkownik posiada wieczyst\u0105 gwarancj\u0119 na oprogramowanie.<a href=\"https:\/\/www.axelfhu.com.pl\/html\/cennik.html#obj\">[*IV]<\/a><br><br>W nowych wersjach program\u00f3w, kt\u00f3re mo\u017cna 24h na dob\u0119 pobra\u0107 z serwisu internetowego znajduje si\u0119 wiele nowych opcji, kt\u00f3re s\u0105 zabezpieczone przed u\u017cyciem w spos\u00f3b umo\u017cliwiaj\u0105cy zapoznanie si\u0119 z nimi przed ich zakupem. S\u0105 tak\u017ce opcje, kt\u00f3re NIE S\u013d ZABEZPIECZONE w jakikolwiek spos\u00f3b i u\u017cytkownik posiada prawo do ich u\u017cytkowania (w ramach umowy gwarancyjnej lub licencyjnej)&nbsp;<a href=\"https:\/\/www.axelfhu.com.pl\/html\/cennik.html#obj\">[*IV]<\/a>.<br><br><strong>UWAGA:<\/strong><br><br>Wersje programu uaktualniane s\u0105 dwa razy w tygodniu lub na \u017cyczenie u\u017cytkownik\u00f3w w ci\u0105gu godziny od terminu uko\u0144czenie pracy nad now\u0105 opcj\u0105 w programie.<\/li><li><strong>Uaktualnienia p\u0142atne program\u00f3w autorskich<\/strong><\/li><\/ul>\n\n\n\n<figure class=\"wp-block-table\"><table><tbody><tr><td><strong>Rodzaj<\/strong><\/td><td><strong>Kwota liczona od aktualnej warto\u015bci pe\u0142nego systemu bez rabat\u00f3w, w chwili wykupywania uaktualnienia (zwana dalej WS)<\/strong><\/td><\/tr><tr><td>Uaktualnienie do najnowszej wersji<\/td><td>30 % WS<\/td><\/tr><tr><td>Uaktualnienie do najnowszej wersji programu przed up\u0142ywem 6 miesi\u0119cy od daty ostatniego uaktualnienia<\/td><td>12 % WS<\/td><\/tr><tr><td>Uaktualnienie do najnowszej wersji programu przed up\u0142ywem 13 miesi\u0119cy od daty ostatniego uaktualnienia<\/td><td>20 % WS<\/td><\/tr><tr><td><strong>Uaktualnienie sta\u0142e w rycza\u0142cie + serwis oprogramowania&nbsp;<\/strong>w ramach umowy o wsp\u00f3\u0142pracy.<br><br>Podpisanie umowy po przekroczeniu 12 miesi\u0119cy od daty ostatniego uaktualnienia wi\u0105\u017ce si\u0119 tak\u017ce z uiszczeniem jednorazowej op\u0142aty wyr\u00f3wnawczej w wysoko\u015bci&nbsp;<strong>po\u0142owy warto\u015bci aktualizacji<\/strong>&nbsp;Umowa zawiera :&nbsp;&nbsp;&nbsp;&#8211; nowe wersje&nbsp;&nbsp;&nbsp;&#8211; gwarancj\u0119&nbsp;&nbsp;&nbsp;&#8211; dodatkowy 30% rabat na us\u0142ugi&nbsp;<\/td><td><strong>30 %<\/strong>&nbsp;WS&nbsp;<strong>rocznie<\/strong><\/td><\/tr><\/tbody><\/table><\/figure>\n\n\n\n<figure class=\"wp-block-table is-style-regular\"><table><tbody><tr><td><strong>Uaktualnienie sta\u0142e w rycza\u0142cie + serwis oprogramowania&nbsp;<\/strong>w ramach umowy o wsp\u00f3\u0142pracy. Z uwzgl\u0119dnieniem pracy poza godzinami 8-16 w dni robocze<br><br>Podpisanie umowy po przekroczeniu 12 miesi\u0119cy od daty ostatniego uaktualnienia wi\u0105\u017ce si\u0119 tak\u017ce z uiszczeniem jednorazowej op\u0142aty wyr\u00f3wnawczej w wysoko\u015bci&nbsp;<strong>po\u0142owy warto\u015bci aktualizacji<\/strong>&nbsp;Umowa zawiera :&nbsp;&nbsp;&nbsp;&#8211; nowe wersje&nbsp;&nbsp;&nbsp;&#8211; gwarancj\u0119&nbsp;&nbsp;&nbsp;&#8211; dodatkowy 30% rabat na us\u0142ugi&nbsp;&nbsp;&nbsp;&#8211; mo\u017cliwo\u015b\u0107 wykonania pracy poza godzinami roboczymi<\/td><td><\/td><\/tr><\/tbody><\/table><\/figure>\n\n\n\n<ul><li><a><strong>Obja\u015bnienia<\/strong><\/a><\/li><\/ul>\n\n\n\n<p><strong>[*I]<\/strong>&nbsp;Niniejszy cennik nie stanowi oferty handlowej i nale\u017cy go potwierdzi\u0107 za pomoc\u0105 telefonicznego kontaktu z firm\u0105.<br><br><strong>[*II]<\/strong>&nbsp;Wszystkie podane ceny s\u0105 cenami netto, opodatkowanymi 23% stawk\u0105 VAT<br><br><strong>[*III]<\/strong>&nbsp;Jest to cena pierwszego stanowiska pracy. Cena kolejnych stanowisk jest ustalana jako 75% nominalnej warto\u015bci poprzedniego stanowiska. Minimalnie 35% warto\u015bci pierwszego stanowiska pracy.<br><br><strong>[*IV]<\/strong>&nbsp;Firma AXEL zastrzega sobie prawo do zmiany sposobu wsp\u00f3\u0142pracy z u\u017cytkownikami przekraczaj\u0105cymi terminy p\u0142atno\u015bci<br><br><strong>[*V]<\/strong>&nbsp;Cena nie zale\u017cy od numeru kolejnego stanowiska (patrz III).<br><br><strong>[*VI]<\/strong>&nbsp;W zwi\u0105zku z tym, \u017ce programy cz\u0119sto posiadaj\u0105 wiele nowych funkcji u\u017cytkownik mo\u017ce skorzysta\u0107 z pomocy serwisant\u00f3w<br><br><strong>[*VII]<\/strong>&nbsp;Nazwy zastrze\u017cone przez firm\u0119 Microsoft<\/p>\n\n\n\n<p><strong>[*VIII]<\/strong>&nbsp;Nie mo\u017cna stosowa\u0107 100% rabat\u00f3w w po\u0142\u0105czeniu z innymi rabatami dotycz\u0105cymi tego samego modu\u0142u.<\/p>\n","protected":false},"excerpt":{"rendered":"<p>PROgramy&nbsp;&#8222;AXEL&#8221; Programy Cena&nbsp;[*III] PROgram &#8222;AXEL&#8221;&nbsp;Fakturuj Na dobry poczatekModu\u0142y:Sprzeda\u017c (faktury,korekty,paragony)&nbsp;Zestawienia, Analizy&nbsp;Kalkulacje, Warto\u015bci od\u017cywcze Uwagi:-program ma ograniczona ilo\u015b\u0107 Magazyn\u00f3w(1) ,Stanowisk pracy(1)-program nie wymaga rejestracji-mo\u017cliwa odmowa udzielenia konsultacji telefonicznych w zakresie szkolenia z pracy programu. &nbsp;0,00 z\u0142 PROgram &#8222;AXEL&#8221;&nbsp;Na dobry pocz\u0105tek PE\u0141NY SYSTEM !!!Modu\u0142y:Sprzeda\u017c(zam\u00f3wienia generatory faktur i korekt), Finanse (kasy, banki, nale\u017cno\u015bci, zobowi\u0105zania, [&hellip;]<\/p>\n","protected":false},"author":1,"featured_media":57,"parent":0,"menu_order":0,"comment_status":"closed","ping_status":"closed","template":"","meta":[],"_links":{"self":[{"href":"https:\/\/www.axelfhu.com.pl\/index.php\/wp-json\/wp\/v2\/pages\/16"}],"collection":[{"href":"https:\/\/www.axelfhu.com.pl\/index.php\/wp-json\/wp\/v2\/pages"}],"about":[{"href":"https:\/\/www.axelfhu.com.pl\/index.php\/wp-json\/wp\/v2\/types\/page"}],"author":[{"embeddable":true,"href":"https:\/\/www.axelfhu.com.pl\/index.php\/wp-json\/wp\/v2\/users\/1"}],"replies":[{"embeddable":true,"href":"https:\/\/www.axelfhu.com.pl\/index.php\/wp-json\/wp\/v2\/comments?post=16"}],"version-history":[{"count":7,"href":"https:\/\/www.axelfhu.com.pl\/index.php\/wp-json\/wp\/v2\/pages\/16\/revisions"}],"predecessor-version":[{"id":260,"href":"https:\/\/www.axelfhu.com.pl\/index.php\/wp-json\/wp\/v2\/pages\/16\/revisions\/260"}],"wp:featuredmedia":[{"embeddable":true,"href":"https:\/\/www.axelfhu.com.pl\/index.php\/wp-json\/wp\/v2\/media\/57"}],"wp:attachment":[{"href":"https:\/\/www.axelfhu.com.pl\/index.php\/wp-json\/wp\/v2\/media?parent=16"}],"curies":[{"name":"wp","href":"https:\/\/api.w.org\/{rel}","templated":true}]}}